et c = -105 + 132. Suppose 0 = 4*o - 0*r - 4*r - 20, -3*o = 3*r - c. What is the highest common divisor of f and o?
7
Suppose 1980 = -5114*s + 5147*s. What is the highest common divisor of s and 8220?
60
Let f(g) = -124*g + 351. Let j be f(-25). What is the highest common divisor of 34 and j?
17
Let v = 398 + -872. Let b = v + 796. Suppose 14*d + 0*d - b = 0. Calculate the greatest common factor of 115 and d.
23
Suppose 3*p = 3*w + 102, 9*w + 104 = 3*p + 7*w. Let l = 170 + -98. Calculate the greatest common divisor of l and p.
36
Suppose 0 = -5*d - 5*f + 800, -3*f = 3*d - 8*f - 512. Calculate the greatest common factor of 2829 and d.
41
Let d = -3824 - -3860. Suppose 0*t + 2*o = 3*t - 8, 5*t - 10 = 5*o. Suppose -2*a + t*a - 18 = 0. What is the greatest common divisor of a and d?
9
Suppose 0 = -4*f + 4, 5 = 4*s - s + 5*f. Suppose -v - 2 = -2*q - 27, s = 5*v - 2*q - 85. Suppose 2*d = 21 + v. What is the greatest common factor of 54 and d?
18
Let n = 150 + -142. Let f be (-8)/(6 + (-49)/n). Suppose -5*w + o + 76 = 0, 7*w = 3*w + 2*o + 56. What is the greatest common factor of w and f?
16
Suppose -5*d = -d - 8. Let b be ((-16)/14)/(-13 - 623/(-49)). Suppose d*q + 5*g = 5, -b*q + g = -g - 46. What is the greatest common divisor of 10 and q?
10
Suppose 74*o - 77*o = -6306 - 2736. What is the highest common divisor of 22 and o?
22
Let v(g) = 361*g**2 + 5*g - 5. Let f be v(1). Suppose -1101 + 1215 = 6*w. What is the greatest common factor of f and w?
19
Let x = -993 - -1109. What is the highest common factor of 1247 and x?
29
Let n = -5 + 22. Let c = n - 11. Let j be (-161)/7 - -27 - 32/(-4). Calculate the highest common factor of j and c.
6
Suppose 16*o - 524 + 124 = 0. Let h be o*(6 - (-10)/(-2)). What is the greatest common divisor of h and 45?
5
Let a = 11674 - 11670. What is the highest common factor of 52 and a?
4
Let s be -11 - -67 - (-112)/(-8). What is the greatest common divisor of 24276 and s?
42
Suppose -p = 57*i - 62*i - 237, 2*p + i = 485. Calculate the greatest common divisor of 2750 and p.
22
Suppose 4*d - 2*a = 4955 - 127, 0 = -2*d + 6*a + 2424. Calculate the greatest common factor of d and 54.
18
Let h be ((-118)/(-8))/(1/4). Let b = 17576 + -16809. What is the highest common divisor of h and b?
59
Let f = 45546 + -38953. What is the greatest common divisor of f and 38?
19
Suppose -27*w + 9*w + 1152 = 0. Calculate the highest common divisor of 544 and w.
32
Suppose -a - 4*a + 19*a - 3570 = 0. What is the greatest common divisor of 21 and a?
3
Suppose 0 = -2*i + 5*j + 95 + 3, -5*j = -4*i + 196. Suppose -51*z + 104 = -i*z. Let x be 2/(0 + (-2)/(-4)). What is the greatest common divisor of z and x?
4
Suppose 5*m + 700*s - 628 = 704*s, -6 = -2*s. What is the greatest common factor of 17024 and m?
128
Suppose 0 = -4*g + 4*x + 916, -1125 = -5*g - x + 2*x. What is the highest common factor of 868 and g?
28
Let r be ((-2)/11 - 3400/(-8415)) + (-808)/(-9). Suppose -5*t = 0, h - 5*t + 40 = 3*h. Calculate the highest common divisor of r and h.
10
Suppose 0 = -10*s + 150 - 10. Suppose s*h = 17*h - 66. Let i = 168 - -30. Calculate the highest common factor of h and i.
22
Suppose 2244 = 44*b - 10*b + 17*b. Calculate the greatest common divisor of b and 2662.
22
Let k(v) = 5*v**2 + 28*v - 8. Let m be k(-7). Suppose 0*o - 12 = -3*o. Suppose -3*p - 164 = -o*p. Calculate the greatest common divisor of m and p.
41
Let z = -26138 - -26150. Let r(o) = 2*o**2 - 5*o + 5. Let j be r(5). What is the greatest common divisor of z and j?
6
Suppose 7*w + 569 - 1017 = 0. Suppose 5*k = -g + 34, -w = -4*g + 26*k - 28*k. What is the highest common factor of 12 and g?
2
Let t(l) = l + 143. Let i be t(36). Suppose 0 = 13*u - 68 - i. Let x be 0/2 + 19*3. Calculate the highest common factor of u and x.
19
Suppose -8*p + 203 - 243 = 0. Let z(l) = -79*l - 275. Let x be z(p). What is the highest common divisor of x and 200?
40
Let b = 2613 - 2606. Let i be (3/(-9))/(3/(-36)). What is the greatest common divisor of i and b?
1
Suppose -73*l + 92134 = 10228. Calculate the highest common factor of 1734 and l.
102
Let c be 118/2 + (-300)/50. Suppose 0 = -0*t + t - 5*f - c, 4*t - 152 = 5*f. Let n be (-1 - -12)*(2 + -1). What is the highest common divisor of n and t?
11
Let r = -23 + 54. Let g = r + -33. Let d be 26 + 1*(-2)/(g/(-2)). What is the highest common factor of d and 48?
24
Let l = -48 + 56. Let r(d) = d**3 - 6*d**2 - 8*d - 16. Let z be r(l). Calculate the greatest common divisor of z and 112.
16
Suppose 5*c - 120 = z, -5*c - 51 = -5*z - 191. Suppose c*n - 25*n = -4. Calculate the highest common divisor of 11 and n.
1
Let j(l) = l**3 + 8*l**2 + 6*l. Let p be j(-7). Let n(o) = -12*o + 14. Let a be n(-7). Let h be (a/21)/(2/15). What is the greatest common factor of p and h?
7
Suppose -258*a = -251*a - 140. What is the highest common divisor of a and 11030?
10
Let x be 5/15*1 - (-13)/(-3). Let l be (-722)/x - (-5)/(-10). Suppose -4*t - 2*t = -l. Calculate the highest common divisor of t and 20.
10
Suppose 0 = 2*j - 10, -4*j + 2*j = -2*r + 4. Suppose w + 4 - r = 0. Suppose 0 = -5*o, -w*t - o = t - 36. Calculate the greatest common factor of 72 and t.
9
Suppose 0 = -n + 4*j + 2811, -5622 = -2*n + 89*j - 87*j. Calculate the greatest common factor of n and 2.
1
Let q(o) = 35 + 3*o**2 - 8 + 39 + 15 + 11 + 21*o. Let a be q(-12). Calculate the greatest common factor of a and 17.
17
Let x be (-230)/12 - 2/(-12). Let g be 740/(-6) + (-2)/3. Let f = x - g. Calculate the highest common factor of f and 70.
35
Suppose 3*x - 488 - 735 - 73 = 0. Calculate the highest common factor of 837 and x.
27
Suppose 7*o - 86 = 133 + 117. What is the highest common factor of 20144 and o?
16
Let b(g) = -9 - 1 - g - 5 + 12*g**2. Let w be b(3). Calculate the greatest common factor of 10 and w.
10
Let m be 22 + 0 + -10 + 11. Let v(r) = -3*r + 98. Let i be v(m). Calculate the greatest common divisor of 87 and i.
29
Suppose 64 = -4*k - 2*q + 120, 0 = 5*k + q - 70. What is the highest common factor of k and 7322?
14
Let x = -34 - -264. Let y = x - 218. What is the greatest common divisor of y and 32?
4
Let o = -62 - -56. Let k be (-7)/(-9)*3 + (-4)/o. Calculate the highest common factor of 4 and k.
1
Let x = -53 + 92. Suppose 3*k - 318 = 2*l, -53*l + 55*l = -3*k + 306. Calculate the greatest common factor of x and k.
13
Suppose 0 = -43*f + 38*f + 10. Suppose -2*i = -5*s + 72, 0 = -3*s + f*s + 2*i + 8. Calculate the highest common factor of 304 and s.
16
Let h(j) = 9*j**2 - 5*j - 10. Let x(c) = 9*c + 22. Let z be x(-3). Let n be h(z). What is the greatest common factor of 320 and n?
80
Let y(q) = -q**2 - 16*q + 10. Let n be y(0). Let j be ((-248)/18)/(n/(-45)). What is the greatest common divisor of 341 and j?
31
Let b be (-2 + (6 - 4))/(-1). Suppose -9*j = -b*j - 576. Suppose 3*y - 332 = j. Calculate the greatest common factor of 12 and y.
12
Let p be ((3 + -7 + 4)*-1)/(-4). Suppose p = -4*v + 12, -4*u - 3*v + 91 = -142. Calculate the highest common divisor of 266 and u.
14
Let f be (18 + -16)*(3 + 1). Suppose 70 = f*m - 82. Let j be 67/2 - m/38. What is the greatest common divisor of 33 and j?
33
Suppose 190*b - 119*b + 521436 = 109*b. What is the greatest common divisor of 6 and b?
6
Suppose -n + 4*n + 921 = 5*p, -369 = -2*p + n. Let z be (1 - 0) + -3 + p/2. Suppose 7*a - z = -21. What is the greatest common factor of a and 70?
10
Let k(x) = 2*x + 34. Let i be k(-6). Suppose -2*z = 5*b + 113, 4*b + 2*z = i - 112. Let l = 57 + b. Calculate the highest common divisor of 136 and l.
34
Let r(q) = 2*q**2 - 13*q + 8. Let f be r(7). Let p be (63/f)/(2/(-30)). Let i = 199 + p. Calculate the highest common factor of i and 34.
34
Let r be (-152)/((-15)/9 + (-8)/(-12)). Let v = r - 19. What is the greatest common factor of v and 76?
19
Suppose 0 = -7*m - 0 + 42. Suppose -m*y + 0*y + 12 = 0. What is the greatest common divisor of 2 and y?
2
Suppose -2*y - 5*k = -36, 2*y - 4*k - 54 = -y. Suppose 3*b + 5 = 2*z, -3*b + 2*z - z - 1 = 0. Let h = y - b. Calculate the greatest common divisor of 17 and h.
17
Suppose 5*t - 10*t = -305. Let u = t - 57. Suppose j - u*q = 17, 3*j - 21 = 5*q - 3*q. Calculate the greatest common divisor of 35 and j.
5
Let m(h) = -h**3 - 4*h**2 + 10*h + 1. Let u be m(-6). Let f(l) = -3*l**2 